is the hundreds digit of v?
3
What is the tens digit of 25/(525/(-6)) - 137271*2/(-7)?
2
Let o be (2148/(-18))/(4/(-6)). Let x = o - 1. Suppose -3*t + 208 = -5*u, u = -3*t - 0*u + x. What is the units digit of t?
1
Let q(c) = -2*c**3 + 17*c**2 + 8*c + 11. Let d be q(9). What is the tens digit of d*(-1)/12 + 14833/42?
5
Let t(z) = -230*z + 31. Let y be t(-9). Let x = 3096 - y. What is the hundreds digit of x?
9
Let z(v) = -201*v + 28. Let a = 124 + -129. Let o be z(a). Suppose 7*r - o = -46. What is the units digit of r?
1
Suppose 5*o - 5622 = -4*s, 2820 = -17*s + 19*s + 4*o. What is the hundreds digit of s?
3
Suppose -3*j - 32 = -65. Suppose s - 4*q - j = 0, -4*q = 3*s - q - 33. Suppose s - 39 = -4*g. What is the units digit of g?
7
What is the units digit of 47507/6 + 158/948?
8
Let h(g) = 14*g + 20. Let v be 2/(-8) - (-294)/56. Let k(i) = i**2 + i - 23. Let p be k(v). What is the tens digit of h(p)?
1
What is the tens digit of -16 + (20975 - -18) - 12?
6
Suppose -2*b = -3*u - 8942, 2201*b - 2196*b + u - 22372 = 0. What is the hundreds digit of b?
4
Let x(l) be the second derivative of l**4/12 + 49*l**3/6 - 5*l**2 - 16*l. What is the hundreds digit of x(10)?
5
Let j(k) = 3*k + 39. Let f be j(-8). Suppose 4*s = 3*s + f. Let p = 95 - s. What is the units digit of p?
0
Let y = 40623 - 5592. What is the tens digit of y?
3
What is the hundreds digit of -1 - 3 - (-817 + 5/(-5)*10)?
8
Suppose -703*y + 707*y - 7416 = 0. What is the units digit of y?
4
Suppose -4*w - 35 = -3*p + 11, p - 2*w = 18. What is the tens digit of -16*(-6 - (-5)/p)?
8
Let a(h) = -2*h - 2. Suppose 0 = 3*q - 11*q - 8. Let r be a(q). Let f(k) = -k + 108. What is the units digit of f(r)?
8
Let n(l) = 182*l**3 - l**2 + 6*l - 7. Let g(q) = -q**3 + 2*q**2 + 7*q - 10. Let u be g(3). What is the tens digit of n(u)?
5
Suppose -5*m = -0*c - 2*c + 34, 2*m + 31 = -5*c. Let t(u) = -u**3 - 12*u**2 - 13*u - 13. Let a be t(m). Let d = -13 - a. What is the units digit of d?
2
Suppose -26 = 8*g - 21*g. Suppose -4*n = 5*y - 1370, g*y - 1037 = -3*n + 3*y. What is the hundreds digit of n?
3
Let u(t) = 68*t**2 - 15*t - 89. What is the units digit of u(-6)?
9
Let m(f) = -f**3 + 14*f**2 + 37*f - 30. What is the tens digit of m(8)?
5
Let q(d) = d**2 - d - 8. Let a be q(-3). Suppose -a*c - 140 = -364. Suppose 0 = -7*f + 679 - c. What is the tens digit of f?
8
Let y = 14 - -30. Suppose y - 38 = 2*t. Suppose -r = 4*s - 3*s - 14, -5*s = t*r - 74. What is the tens digit of s?
1
Let r = -50 - -55. Suppose r*a + 75 = -5*h + 3*a, -3*h + 3*a - 24 = 0. What is the units digit of ((-4 - -6) + 2)/((-2)/h)?
6
Let y(c) = 5477*c - 11385. What is the ten thousands digit of y(13)?
5
Let g = 31482 - 16192. What is the units digit of g?
0
What is the hundreds digit of (21/168)/(2/64016)?
0
Suppose 116144 = -262*l + 279*l. What is the thousands digit of l?
6
Suppose -15*h + 45886 = -214964. What is the tens digit of h?
9
Let g = -10132 + 14465. What is the hundreds digit of g?
3
Let i(u) = 2*u + 22. Let h be i(-9). Suppose h*o = -5*f - 88, -f = -0*f - 4*o + 32. What is the tens digit of (112/f)/(2/(-10))?
2
Let a be (-96)/36*3/(-4). Let l(b) = 22*b + 4*b**3 + 0*b**3 + 2*b**3 - 7*b**3 - 1 + 7*b**a. What is the tens digit of l(-5)?
8
Let g be 320*1/20*8. Suppose 431 - g = 2*r + t, 757 = 5*r + 3*t. What is the tens digit of r?
5
Let l be -10*2/(-4) - 0. Let h be (l/12 + (-1)/(-4))*3. What is the tens digit of (-16 - h)/((-5)/(-4) + -2)?
2
Suppose -52*o + 53*o = -43. Let a(v) = -4*v + 155. What is the hundreds digit of a(o)?
3
Suppose -5*p + 2*g = -347, 174 = 5*p + 5*g - 166. Let d = 73 - p. What is the units digit of (-645)/(-6)*3/30*d?
3
Suppose 0 = d - 3*p + 615, p - 6*p = -5. Let w = -351 - d. What is the units digit of w?
1
What is the ten thousands digit of 143*(119088/279 + -11) + 10/155?
5
Suppose v = -2*v + 21. Suppose 3*q - v = -64. What is the units digit of (-59)/q + (-8)/76?
3
What is the hundreds digit of 8 + -22 - -10 - -2479?
4
Suppose 0 = -5*x + q + 11, 10*x - 5*x - 2*q - 7 = 0. Let k(p) = 31*p - 29*p + 8 + 33*p. What is the tens digit of k(x)?
1
Suppose -5*a + 5*l + 75 = 0, -89*l - 27 = -a - 84*l. Let j(t) = -8 + 26 - 14*t + 3*t**2 - 10*t. What is the tens digit of j(a)?
6
What is the ten thousands digit of ((-7985198)/(-1182))/((-1)/(-3))?
2
What is the units digit of 18252/(-8)*(-3 - 1)?
6
Suppose 21*z - 47319 = 16038. What is the tens digit of z?
1
Let z(u) = -49*u**2 - 41*u - 70. Let r(k) = -17*k**2 - 14*k - 23. Let g(t) = 17*r(t) - 6*z(t). What is the hundreds digit of g(12)?
8
Suppose 3*m - 8 + 5 = 2*k, -6 = 2*m - 4*k. Let o(v) = 77*v + 13. What is the units digit of o(m)?
4
Suppose -3*d + 4*u = 70, -151 + 23 = 5*d - u. Let m be d/(-10) - 1/((-20)/8). Suppose 2*x - y + m*y = 368, 3*y - 741 = -4*x. What is the units digit of x?
9
Let n(r) = -11*r - 6. Let u be n(5). Suppose 0 = -9*l + 14*l + 795. Let z = u - l. What is the tens digit of z?
9
Suppose -9*g + 451 = -1160. Let t be (g - (-3 - -2)) + (-22)/(-11). What is the hundreds digit of 16/(-4) + t + -4?
1
Let l(x) = 4*x - 27. Suppose -8*s = -0*s - 328. What is the hundreds digit of l(s)?
1
Suppose -h + 544 = -p + 128, -3*h + p + 1238 = 0. Suppose -81*r = -80*r - h. What is the hundreds digit of r?
4
Let l(r) = 34*r**2 + 456*r - 8. What is the thousands digit of l(14)?
3
What is the hundreds digit of (-1)/(-3) + 15338*4/((-216)/(-153))?
4
Let v = 692 - 1596. Let u be 7/((-21)/2) - v/(-3). Let c = -209 - u. What is the units digit of c?
3
Suppose -q = -1897 - 395. What is the hundreds digit of q?
2
What is the units digit of (81721/213)/(1/9)?
3
Let m be ((-4)/(3 - 4))/(8/6). Suppose 4*v + m*c = 808, 81 = -4*v + 4*c + 889. Suppose 3*g - 4*i - v = 0, i - 260 = -4*g - 3*i. What is the tens digit of g?
6
Suppose 4*m + 5*j - 14901 = 0, 42*m + 3*j = 46*m - 14861. What is the thousands digit of m?
3
Suppose 4*z - c - 1707 = 0, 4*z - 5*c = -983 + 2686. Let d = -382 + z. What is the units digit of d?
5
Suppose -298967 - 370660 = -1133*m + 1112*m. What is the tens digit of m?
8
Let c = 2049 + -1308. What is the units digit of 22956/38 + (-78)/c?
4
Let a = 21912 - 7872. What is the thousands digit of a?
4
Let p(x) = -x - 17. Let k be p(-17). Let g = 85 - k. Let m = 289 - g. What is the tens digit of m?
0
Suppose 5*f - 7933 = -4*u, 5*u + 4*f = u + 7928. Suppose 16617 = 15*s + u. What is the units digit of s?
6
Let l be (72/8)/(1 + 0). Let f(n) = 46*n - 30. What is the tens digit of f(l)?
8
Suppose -304564 = 239*t - 265*t. What is the thousands digit of t?
1
Let s be 0/40*-1*1. Suppose s = -2*g + 4*y + 584, -5*g + 179 + 1266 = 5*y. What is the units digit of g?
0
Let b(l) = -2*l**3 + l**2 - 9*l - 12. Let r be b(8). Let n = r - -1579. What is the units digit of n?
5
Suppose 27*c = 36*c + 225. What is the hundreds digit of c*2*72/(-16)?
2
Let u = 33084 - -840. What is the units digit of u?
4
Suppose -3*m = -6*m - 6. Let c be (m/(-3))/((-6)/72). Let u(v) = v**2 - 11*v + 4. What is the tens digit of u(c)?
5
Let u(z) = z**2 + 2*z - 8. Let x be u(2). Suppose h + 2*o - 12 = -h, -3*h + 4*o + 11 = x. Suppose -h*i + 21 = -574. What is the hundreds digit of i?
1
Suppose 3*a - 4*r = 14053, 4*a - 18700 = 18*r - 22*r. What is the hundreds digit of a?
6
Let f = 31003 - 1179. What is the tens digit of f?
2
Let r be (18/(-4))/((-9)/18). Let a be 2*(-4)/((-24)/r). What is the units digit of a/12 + 686/8?
6
Let l = 93 - 108. What is the hundreds digit of ((-318)/l)/((0 - 4)/(-60))?
3
Suppose 3*c + 146 = 4*q + 6*c, -4*c - 167 = -5*q. Suppose 4*o - q = 9. Suppose o*k - 630 = 2*k. What is the tens digit of k?
7
Let k be (3 + (-4 - -7))/(-1 - 0). Let o be k/9 + (0 - (-142)/(-3)). Let i = o - -90. What is the tens digit of i?
4
What is the thousands digit of (9721 + -1)/((-105)/(-10) - 9)?
6
What is the units digit of (-27059622)/(-1179) - (-10)/6?
3
Suppose -3*v = -2*s + 3 + 1, -v - 2*s + 4 = 0. Suppose v = 6*m - 29 + 11. Suppose -3*l + 264 = -m*k - 45, 0 = -l - 3*k + 95. What is the hundreds digit of l?
1
Let b(y) = -13*y + 64. Let c be b(4). Suppose -3414 = -c*g + 6*g. What is the units digit of g?
9
Suppose 72*y + 3275610 = 4935338 + 4691392. What is the thousands digit of y?
8
Let c(q) = q**3 - q - 5. Let j be c(0). Let u = -3546 + 3785. Let k = j + u. What is the tens digit of 